{"id":537,"date":"2023-01-18T16:33:52","date_gmt":"2023-01-18T15:33:52","guid":{"rendered":"https:\/\/www.fournierpolymers.com\/f2m\/?page_id=537"},"modified":"2023-08-21T16:14:47","modified_gmt":"2023-08-21T14:14:47","slug":"politique-de-cookies","status":"publish","type":"page","link":"https:\/\/www.fournierpolymers.com\/f2m\/politique-de-cookies\/","title":{"rendered":"Politique de cookies"},"content":{"rendered":"<p>[et_pb_section fb_built=&#8221;1&#8243; _builder_version=&#8221;4.19.2&#8243; _module_preset=&#8221;default&#8221; global_colors_info=&#8221;{}&#8221;][et_pb_row _builder_version=&#8221;4.19.2&#8243; _module_preset=&#8221;default&#8221; global_colors_info=&#8221;{}&#8221;][et_pb_column type=&#8221;4_4&#8243; _builder_version=&#8221;4.19.2&#8243; _module_preset=&#8221;default&#8221; global_colors_info=&#8221;{}&#8221;][et_pb_text _builder_version=&#8221;4.19.2&#8243; _module_preset=&#8221;154eb95a-e003-46e5-b213-24ad360a5594&#8243; global_colors_info=&#8221;{}&#8221;]<\/p>\n<h1>Politique de cookies<\/h1>\n<p>[\/et_pb_text][et_pb_text _builder_version=&#8221;4.19.2&#8243; _module_preset=&#8221;default&#8221; header_2_text_color=&#8221;#E02B20&#8243; global_colors_info=&#8221;{}&#8221;]<\/p>\n<p class=\"has-text-align-left\">Ce site web utilise ses propres cookies ainsi que ceux provenant de tiers ; ceux-ci recueillent des informations sur les habitudes de navigation pour am\u00e9liorer le service fourni par Fournier Group et ils peuvent \u00eatre utilis\u00e9s par des tiers pour personnaliser leur publicit\u00e9.<\/p>\n<p class=\"has-text-align-left\">Un\u00a0<em>cookie<\/em>\u00a0est un petit fichier de texte qui est enregistr\u00e9 dans votre navigateur quand vous visitez n\u2019importe quel site web. Leur utilit\u00e9 est de faire en sorte que le site soit capable de se souvenir de votre visite quand vous revenez sur cette page. Les\u00a0<em>cookies<\/em>\u00a0emmagasinent des informations de caract\u00e8re technique, des pr\u00e9f\u00e9rences personnelles, la personnalisation de contenus, des statistiques d\u2019utilisation, des liens vers les r\u00e9seaux sociaux, l\u2019acc\u00e8s \u00e0 des comptes d\u2019utilisateur, etc. L\u2019objectif des\u00a0<em>cookies<\/em>\u00a0est d\u2019adapter le contenu du web \u00e0 votre profil et vos besoins, sans\u00a0<em>cookies<\/em>\u00a0les services offerts par n\u2019importe quelle page seraient notablement affect\u00e9s.<\/p>\n<p class=\"has-text-align-left\">Vous pouvez g\u00e9rer votre consentement en cliquant sur le bouton situ\u00e9 en bas \u00e0 gauche de l\u2019\u00e9cran. <img loading=\"lazy\" decoding=\"async\" src=\"https:\/\/www.fournierpolymers.com\/europe\/wp-content\/uploads\/sites\/2\/2023\/08\/picto-cookies2.png\" width=\"30\" height=\"26\" alt=\"Cookies\" class=\"wp-image-2228 alignnone size-full\" \/><\/p>\n<h2 class=\"legal-title\">Cookies utilis\u00e9s par ce site web<\/h2>\n<table class=\"wt-cli-element cookielawinfo-classic cookielawinfo-row-cat-table\">\n<thead>\n<tr>\n<th scope=\"col\" class=\"cookielawinfo-column-1\">COOKIE<\/th>\n<th scope=\"col\" class=\"cookielawinfo-column-2\">TYPE<\/th>\n<th scope=\"col\" class=\"cookielawinfo-column-3\">DUR\u00c9E<\/th>\n<th scope=\"col\" class=\"cookielawinfo-column-4\">DESCRIPTION<\/th>\n<\/tr>\n<\/thead>\n<tbody>\n<tr class=\"cookielawinfo-row-cat-title\">\n<th colspan=\"4\" class=\"cookielawinfo-row-cat-title-head\">Obligatoires<\/th>\n<\/tr>\n<tr class=\"cookielawinfo-row\">\n<td class=\"cookielawinfo-column-1\">cookielawinfo-checkbox-non-necessary<\/td>\n<td class=\"cookielawinfo-column-2\">persistante<\/td>\n<td class=\"cookielawinfo-column-3\">11 mois<\/td>\n<td class=\"cookielawinfo-column-4\">Ce cookie est d\u00e9fini par le plugin GDPR Cookie Consent. Les cookies sont utilis\u00e9s pour stocker le consentement de l&#8217;utilisateur pour les cookies dans la cat\u00e9gorie \u00abNon n\u00e9cessaire\u00bb.<\/td>\n<\/tr>\n<tr class=\"cookielawinfo-row\">\n<td class=\"cookielawinfo-column-1\">cookielawinfo-checkbox-necessary<\/td>\n<td class=\"cookielawinfo-column-2\">persistante<\/td>\n<td class=\"cookielawinfo-column-3\">11 mois<\/td>\n<td class=\"cookielawinfo-column-4\">Ce cookie est d\u00e9fini par le plugin GDPR Cookie Consent. Les cookies sont utilis\u00e9s pour stocker le consentement de l&#8217;utilisateur pour les cookies dans la cat\u00e9gorie \u00abN\u00e9cessaire\u00bb.<\/td>\n<\/tr>\n<tr class=\"cookielawinfo-row\">\n<td class=\"cookielawinfo-column-1\">viewed_cookie_policy<\/td>\n<td class=\"cookielawinfo-column-2\">persistante<\/td>\n<td class=\"cookielawinfo-column-3\">11 mois<\/td>\n<td class=\"cookielawinfo-column-4\">Le cookie est d\u00e9fini par le plugin GDPR Cookie Consent et est utilis\u00e9 pour stocker si l&#8217;utilisateur a consenti ou non \u00e0 l&#8217;utilisation de cookies. Il ne stocke aucune donn\u00e9e personnelle.<\/td>\n<\/tr>\n<tr class=\"cookielawinfo-row\">\n<td class=\"cookielawinfo-column-1\">pll_language<\/td>\n<td class=\"cookielawinfo-column-2\">persistante<\/td>\n<td class=\"cookielawinfo-column-3\">1 ann\u00e9e<\/td>\n<td class=\"cookielawinfo-column-4\">Ce cookie est d\u00e9fini par le plugin Polylang pour les sites Web aliment\u00e9s par WordPress. Le cookie stocke le code de langue de la derni\u00e8re page consult\u00e9e.<\/td>\n<\/tr>\n<tr class=\"cookielawinfo-row\">\n<td class=\"cookielawinfo-column-1\">cookielawinfo-checkbox-preferences<\/td>\n<td class=\"cookielawinfo-column-2\">persistante<\/td>\n<td class=\"cookielawinfo-column-3\">1 ann\u00e9e<\/td>\n<td class=\"cookielawinfo-column-4\">Ce cookie est d\u00e9fini par le plugin GDPR Cookie Consent. Le but de ce cookie est de v\u00e9rifier si l&#8217;utilisateur a ou non donn\u00e9 son consentement \u00e0 l&#8217;utilisation de cookies dans la cat\u00e9gorie \u00abPr\u00e9f\u00e9rences\u00bb.<\/td>\n<\/tr>\n<tr class=\"cookielawinfo-row-cat-title\">\n<th colspan=\"4\" class=\"cookielawinfo-row-cat-title-head\">Pr\u00e9f\u00e9rence<\/th>\n<\/tr>\n<tr class=\"cookielawinfo-row\">\n<td class=\"cookielawinfo-column-1\">test_cookie<\/td>\n<td class=\"cookielawinfo-column-2\">persistante<\/td>\n<td class=\"cookielawinfo-column-3\">11 mois<\/td>\n<td class=\"cookielawinfo-column-4\">Google utilise ce cookie pour v\u00e9rifier si le navigateur de l&#8217;utilisateur accepte les cookies.<\/td>\n<\/tr>\n<\/tbody>\n<\/table>\n<h2 class=\"legal-title\">R\u00e9seaux sociaux<\/h2>\n<p class=\"has-text-align-left\">En d\u2019autres endroits de ce site web des cookies de tiers sont install\u00e9s pour tous leurs visiteurs, m\u00eame si ce ne sont pas des utilisateurs enregistr\u00e9s sur les plateformes correspondantes. Les types de cookies qui sont install\u00e9s et leurs finalit\u00e9s sont d\u00e9crites dans les pages correspondant aux cookies de chaque r\u00e9seau social (Facebook, Twitter, Youtube, Instagram&#8230;).<\/p>\n<h2 class=\"legal-title\">Compl\u00e9ment de d\u00e9sactivation de Google Analytics pour les navigateurs.<\/h2>\n<p class=\"has-text-align-left\">Si vous ne souhaitez pas que Google Analytics recueille et utilise vos donn\u00e9es, nous mettons \u00e0 votre disposition l\u2019extension de d\u00e9sactivation de Google Analytics sur ce <a href=\"https:\/\/tools.google.com\/dlpage\/gaoptout\/index.html?hl=fr\" target=\"_blank\" rel=\"noopener noreferrer\" title=\"Extension de d\u00e9sactivation de Google Analytics\">lien<\/a>.<\/p>\n<h2 class=\"legal-title\">D\u00e9sactiver des cookies dans les navigateurs<\/h2>\n<p class=\"has-text-align-left\">Vous pouvez trouver ici plus d`\u2019information sur les diff\u00e9rents navigateurs:<\/p>\n<ul>\n<li>Chrome, vous pouvez trouver plus d\u2019information sur ce <a href=\"https:\/\/support.google.com\/chrome\/answer\/95647?hl=fr&amp;sjid=15889103804043049051-EU\" target=\"_blank\" rel=\"noopener noreferrer\" title=\"Lien cookies Chrome\">lien<\/a>.<\/li>\n<li>Explorer, vous pouvez trouver plus d\u2019information sur ce <a href=\"https:\/\/support.microsoft.com\/fr-fr\/windows\/supprimer-et-g%C3%A9rer-les-cookies-168dab11-0753-043d-7c16-ede5947fc64d#ie=ie-11\" target=\"_blank\" rel=\"noopener noreferrer\" title=\"Lien cookies Explorer\">lien<\/a>.<\/li>\n<li>Firefox, vous pouvez trouver plus d\u2019information sur ce <a href=\"https:\/\/support.mozilla.org\/fr\/kb\/effacer-cookies-donnees-site-firefox\" target=\"_blank\" rel=\"noopener noreferrer\" title=\"Lien cookies Firefox\">lien<\/a>.<\/li>\n<li>Safari, vous pouvez trouver plus d\u2019information sur ce <a href=\"https:\/\/support.apple.com\/en-gb\/guide\/safari\/sfri11471\/mac\" target=\"_blank\" rel=\"noopener noreferrer\" title=\"Lien cookies Safari\">lien<\/a>.<\/li>\n<\/ul>\n<p class=\"has-text-align-left\">La d\u00e9sactivation de Cookies peut entra\u00eener une navigation sur le web moins fluide et que certains de nos services cessent de fonctionner correctement.<\/p>\n<p class=\"has-text-align-left\">Pour en savoir plus sur la gestion et la suppression des cookies, visitez <a href=\"https:\/\/www.wikipedia.org\/\" target=\"_blank\" rel=\"noopener\" title=\"wikipedia.org\">wikipedia.org<\/a>, <a href=\"https:\/\/allaboutcookies.org\/\" target=\"_blank\" rel=\"noopener\" title=\"www.allaboutcookies.org\">www.allaboutcookies.org<\/a>.<\/p>\n<p>[\/et_pb_text][\/et_pb_column][\/et_pb_row][\/et_pb_section]<\/p>\n","protected":false},"excerpt":{"rendered":"<p>Politique de cookiesCe site web utilise ses propres cookies ainsi que ceux provenant de tiers ; ceux-ci recueillent des informations sur les habitudes de navigation pour am\u00e9liorer le service fourni par Fournier Group et ils peuvent \u00eatre utilis\u00e9s par des tiers pour personnaliser leur publicit\u00e9. Un\u00a0cookie\u00a0est un petit fichier de texte qui est enregistr\u00e9 dans [&hellip;]<\/p>\n","protected":false},"author":1,"featured_media":0,"parent":0,"menu_order":0,"comment_status":"closed","ping_status":"closed","template":"","meta":{"_et_pb_use_builder":"on","_et_pb_old_content":"","_et_gb_content_width":"","inline_featured_image":false,"footnotes":""},"class_list":["post-537","page","type-page","status-publish","hentry"],"yoast_head":"<!-- This site is optimized with the Yoast SEO plugin v27.2 - https:\/\/yoast.com\/product\/yoast-seo-wordpress\/ -->\n<title>Politique de cookies - Fournier Polymers - F2M<\/title>\n<meta name=\"robots\" content=\"index, follow, max-snippet:-1, max-image-preview:large, max-video-preview:-1\" \/>\n<link rel=\"canonical\" href=\"https:\/\/www.fournierpolymers.com\/f2m\/politique-de-cookies\/\" \/>\n<meta property=\"og:locale\" content=\"en_GB\" \/>\n<meta property=\"og:type\" content=\"article\" \/>\n<meta property=\"og:title\" content=\"Politique de cookies - Fournier Polymers - F2M\" \/>\n<meta property=\"og:description\" content=\"Politique de cookiesCe site web utilise ses propres cookies ainsi que ceux provenant de tiers ; ceux-ci recueillent des informations sur les habitudes de navigation pour am\u00e9liorer le service fourni par Fournier Group et ils peuvent \u00eatre utilis\u00e9s par des tiers pour personnaliser leur publicit\u00e9. Un\u00a0cookie\u00a0est un petit fichier de texte qui est enregistr\u00e9 dans [&hellip;]\" \/>\n<meta property=\"og:url\" content=\"https:\/\/www.fournierpolymers.com\/f2m\/politique-de-cookies\/\" \/>\n<meta property=\"og:site_name\" content=\"Fournier Polymers - F2M\" \/>\n<meta property=\"article:modified_time\" content=\"2023-08-21T14:14:47+00:00\" \/>\n<meta property=\"og:image\" content=\"https:\/\/www.fournierpolymers.com\/europe\/wp-content\/uploads\/sites\/2\/2023\/08\/picto-cookies2.png\" \/>\n<meta name=\"twitter:card\" content=\"summary_large_image\" \/>\n<meta name=\"twitter:label1\" content=\"Estimated reading time\" \/>\n\t<meta name=\"twitter:data1\" content=\"3 minutes\" \/>\n<script type=\"application\/ld+json\" class=\"yoast-schema-graph\">{\"@context\":\"https:\/\/schema.org\",\"@graph\":[{\"@type\":\"WebPage\",\"@id\":\"https:\/\/www.fournierpolymers.com\/f2m\/politique-de-cookies\/\",\"url\":\"https:\/\/www.fournierpolymers.com\/f2m\/politique-de-cookies\/\",\"name\":\"Politique de cookies - Fournier Polymers - F2M\",\"isPartOf\":{\"@id\":\"https:\/\/www.fournierpolymers.com\/f2m\/#website\"},\"primaryImageOfPage\":{\"@id\":\"https:\/\/www.fournierpolymers.com\/f2m\/politique-de-cookies\/#primaryimage\"},\"image\":{\"@id\":\"https:\/\/www.fournierpolymers.com\/f2m\/politique-de-cookies\/#primaryimage\"},\"thumbnailUrl\":\"https:\/\/www.fournierpolymers.com\/europe\/wp-content\/uploads\/sites\/2\/2023\/08\/picto-cookies2.png\",\"datePublished\":\"2023-01-18T15:33:52+00:00\",\"dateModified\":\"2023-08-21T14:14:47+00:00\",\"breadcrumb\":{\"@id\":\"https:\/\/www.fournierpolymers.com\/f2m\/politique-de-cookies\/#breadcrumb\"},\"inLanguage\":\"en-GB\",\"potentialAction\":[{\"@type\":\"ReadAction\",\"target\":[\"https:\/\/www.fournierpolymers.com\/f2m\/politique-de-cookies\/\"]}]},{\"@type\":\"ImageObject\",\"inLanguage\":\"en-GB\",\"@id\":\"https:\/\/www.fournierpolymers.com\/f2m\/politique-de-cookies\/#primaryimage\",\"url\":\"https:\/\/www.fournierpolymers.com\/europe\/wp-content\/uploads\/sites\/2\/2023\/08\/picto-cookies2.png\",\"contentUrl\":\"https:\/\/www.fournierpolymers.com\/europe\/wp-content\/uploads\/sites\/2\/2023\/08\/picto-cookies2.png\"},{\"@type\":\"BreadcrumbList\",\"@id\":\"https:\/\/www.fournierpolymers.com\/f2m\/politique-de-cookies\/#breadcrumb\",\"itemListElement\":[{\"@type\":\"ListItem\",\"position\":1,\"name\":\"Home\",\"item\":\"https:\/\/www.fournierpolymers.com\/f2m\/en\/home\/\"},{\"@type\":\"ListItem\",\"position\":2,\"name\":\"Politique de cookies\"}]},{\"@type\":\"WebSite\",\"@id\":\"https:\/\/www.fournierpolymers.com\/f2m\/#website\",\"url\":\"https:\/\/www.fournierpolymers.com\/f2m\/\",\"name\":\"Fournier Polymers - F2M\",\"description\":\"\",\"potentialAction\":[{\"@type\":\"SearchAction\",\"target\":{\"@type\":\"EntryPoint\",\"urlTemplate\":\"https:\/\/www.fournierpolymers.com\/f2m\/?s={search_term_string}\"},\"query-input\":{\"@type\":\"PropertyValueSpecification\",\"valueRequired\":true,\"valueName\":\"search_term_string\"}}],\"inLanguage\":\"en-GB\"}]}<\/script>\n<!-- \/ Yoast SEO plugin. -->","yoast_head_json":{"title":"Politique de cookies - Fournier Polymers - F2M","robots":{"index":"index","follow":"follow","max-snippet":"max-snippet:-1","max-image-preview":"max-image-preview:large","max-video-preview":"max-video-preview:-1"},"canonical":"https:\/\/www.fournierpolymers.com\/f2m\/politique-de-cookies\/","og_locale":"en_GB","og_type":"article","og_title":"Politique de cookies - Fournier Polymers - F2M","og_description":"Politique de cookiesCe site web utilise ses propres cookies ainsi que ceux provenant de tiers ; ceux-ci recueillent des informations sur les habitudes de navigation pour am\u00e9liorer le service fourni par Fournier Group et ils peuvent \u00eatre utilis\u00e9s par des tiers pour personnaliser leur publicit\u00e9. Un\u00a0cookie\u00a0est un petit fichier de texte qui est enregistr\u00e9 dans [&hellip;]","og_url":"https:\/\/www.fournierpolymers.com\/f2m\/politique-de-cookies\/","og_site_name":"Fournier Polymers - F2M","article_modified_time":"2023-08-21T14:14:47+00:00","og_image":[{"url":"https:\/\/www.fournierpolymers.com\/europe\/wp-content\/uploads\/sites\/2\/2023\/08\/picto-cookies2.png","type":"","width":"","height":""}],"twitter_card":"summary_large_image","twitter_misc":{"Estimated reading time":"3 minutes"},"schema":{"@context":"https:\/\/schema.org","@graph":[{"@type":"WebPage","@id":"https:\/\/www.fournierpolymers.com\/f2m\/politique-de-cookies\/","url":"https:\/\/www.fournierpolymers.com\/f2m\/politique-de-cookies\/","name":"Politique de cookies - Fournier Polymers - F2M","isPartOf":{"@id":"https:\/\/www.fournierpolymers.com\/f2m\/#website"},"primaryImageOfPage":{"@id":"https:\/\/www.fournierpolymers.com\/f2m\/politique-de-cookies\/#primaryimage"},"image":{"@id":"https:\/\/www.fournierpolymers.com\/f2m\/politique-de-cookies\/#primaryimage"},"thumbnailUrl":"https:\/\/www.fournierpolymers.com\/europe\/wp-content\/uploads\/sites\/2\/2023\/08\/picto-cookies2.png","datePublished":"2023-01-18T15:33:52+00:00","dateModified":"2023-08-21T14:14:47+00:00","breadcrumb":{"@id":"https:\/\/www.fournierpolymers.com\/f2m\/politique-de-cookies\/#breadcrumb"},"inLanguage":"en-GB","potentialAction":[{"@type":"ReadAction","target":["https:\/\/www.fournierpolymers.com\/f2m\/politique-de-cookies\/"]}]},{"@type":"ImageObject","inLanguage":"en-GB","@id":"https:\/\/www.fournierpolymers.com\/f2m\/politique-de-cookies\/#primaryimage","url":"https:\/\/www.fournierpolymers.com\/europe\/wp-content\/uploads\/sites\/2\/2023\/08\/picto-cookies2.png","contentUrl":"https:\/\/www.fournierpolymers.com\/europe\/wp-content\/uploads\/sites\/2\/2023\/08\/picto-cookies2.png"},{"@type":"BreadcrumbList","@id":"https:\/\/www.fournierpolymers.com\/f2m\/politique-de-cookies\/#breadcrumb","itemListElement":[{"@type":"ListItem","position":1,"name":"Home","item":"https:\/\/www.fournierpolymers.com\/f2m\/en\/home\/"},{"@type":"ListItem","position":2,"name":"Politique de cookies"}]},{"@type":"WebSite","@id":"https:\/\/www.fournierpolymers.com\/f2m\/#website","url":"https:\/\/www.fournierpolymers.com\/f2m\/","name":"Fournier Polymers - F2M","description":"","potentialAction":[{"@type":"SearchAction","target":{"@type":"EntryPoint","urlTemplate":"https:\/\/www.fournierpolymers.com\/f2m\/?s={search_term_string}"},"query-input":{"@type":"PropertyValueSpecification","valueRequired":true,"valueName":"search_term_string"}}],"inLanguage":"en-GB"}]}},"_links":{"self":[{"href":"https:\/\/www.fournierpolymers.com\/f2m\/wp-json\/wp\/v2\/pages\/537","targetHints":{"allow":["GET"]}}],"collection":[{"href":"https:\/\/www.fournierpolymers.com\/f2m\/wp-json\/wp\/v2\/pages"}],"about":[{"href":"https:\/\/www.fournierpolymers.com\/f2m\/wp-json\/wp\/v2\/types\/page"}],"author":[{"embeddable":true,"href":"https:\/\/www.fournierpolymers.com\/f2m\/wp-json\/wp\/v2\/users\/1"}],"replies":[{"embeddable":true,"href":"https:\/\/www.fournierpolymers.com\/f2m\/wp-json\/wp\/v2\/comments?post=537"}],"version-history":[{"count":7,"href":"https:\/\/www.fournierpolymers.com\/f2m\/wp-json\/wp\/v2\/pages\/537\/revisions"}],"predecessor-version":[{"id":688,"href":"https:\/\/www.fournierpolymers.com\/f2m\/wp-json\/wp\/v2\/pages\/537\/revisions\/688"}],"wp:attachment":[{"href":"https:\/\/www.fournierpolymers.com\/f2m\/wp-json\/wp\/v2\/media?parent=537"}],"curies":[{"name":"wp","href":"https:\/\/api.w.org\/{rel}","templated":true}]}}