{"id":206,"date":"2023-01-04T16:07:11","date_gmt":"2023-01-04T15:07:11","guid":{"rendered":"https:\/\/www.fournierpolymers.com\/f2m\/?page_id=206"},"modified":"2023-01-24T17:18:22","modified_gmt":"2023-01-24T16:18:22","slug":"kraiburg","status":"publish","type":"page","link":"https:\/\/www.fournierpolymers.com\/f2m\/kraiburg\/","title":{"rendered":"Kraiburg"},"content":{"rendered":"<p>[et_pb_section fb_built=&#8221;1&#8243; admin_label=&#8221;section&#8221; _builder_version=&#8221;4.16&#8243; global_colors_info=&#8221;{}&#8221;][et_pb_row admin_label=&#8221;row&#8221; _builder_version=&#8221;4.16&#8243; background_size=&#8221;initial&#8221; background_position=&#8221;top_left&#8221; background_repeat=&#8221;repeat&#8221; global_colors_info=&#8221;{}&#8221;][et_pb_column type=&#8221;4_4&#8243; _builder_version=&#8221;4.16&#8243; custom_padding=&#8221;|||&#8221; global_colors_info=&#8221;{}&#8221; custom_padding__hover=&#8221;|||&#8221;][et_pb_image src=&#8221;https:\/\/www.fournierpolymers.com\/f2m\/wp-content\/uploads\/sites\/3\/2023\/01\/kraiburg-1.png&#8221; alt=&#8221;Kraiburg&#8221; title_text=&#8221;Kraiburg&#8221; align=&#8221;center&#8221; _builder_version=&#8221;4.19.2&#8243; _module_preset=&#8221;default&#8221; global_colors_info=&#8221;{}&#8221;][\/et_pb_image][et_pb_text _builder_version=&#8221;4.19.2&#8243; _module_preset=&#8221;default&#8221; max_width=&#8221;60%&#8221; module_alignment=&#8221;center&#8221; global_colors_info=&#8221;{}&#8221;]<\/p>\n<p style=\"text-align: center;\">Producteur mondial Kraiburg TPE propose des compounds TPE souples, \u00e9lastiques et l\u00e9gers pour les secteurs de l&#8217;automobile, de la grande consommation, de l&#8217;industrie et des technologies m\u00e9dicales<\/p>\n<p>[\/et_pb_text][\/et_pb_column][\/et_pb_row][et_pb_row column_structure=&#8221;1_3,1_3,1_3&#8243; use_custom_gutter=&#8221;on&#8221; gutter_width=&#8221;2&#8243; _builder_version=&#8221;4.19.2&#8243; _module_preset=&#8221;default&#8221; global_colors_info=&#8221;{}&#8221;][et_pb_column type=&#8221;1_3&#8243; _builder_version=&#8221;4.19.2&#8243; _module_preset=&#8221;default&#8221; custom_padding=&#8221;20px|20px|20px|20px|true|true&#8221; border_radii=&#8221;on|10px|10px|10px|10px&#8221; border_color_all=&#8221;#FFFFFF&#8221; box_shadow_style=&#8221;preset3&#8243; box_shadow_color=&#8221;rgba(0,0,0,0.15)&#8221; global_colors_info=&#8221;{}&#8221;][et_pb_text admin_label=&#8221;TPE JOUETS&#8221; _builder_version=&#8221;4.19.2&#8243; _module_preset=&#8221;default&#8221; custom_margin=&#8221;||74px|||&#8221; global_colors_info=&#8221;{}&#8221;]<\/p>\n<h3>TPE JOUETS<\/h3>\n<p>Les \u00e9lastom\u00e8res thermoplastiques de KRAIBURG TPE r\u00e9pondent aux plus hautes exigences en ce qui concerne la qualit\u00e9, aussi dans le domaine des jouets.<br \/>Qu\u2019ils soient pleins de couleurs, r\u00e9sistants \u00e0 la d\u00e9chirure ou particuli\u00e8rement souples : avec notre gamme de produits, nous remplissons tous les souhaits.<br \/><a href=\"https:\/\/www.kraiburg-tpe.com\/fr\/jouets\">Plus d\u2019infos<\/a><\/p>\n<p>[\/et_pb_text][et_pb_image src=&#8221;https:\/\/www.fournierpolymers.com\/f2m\/wp-content\/uploads\/sites\/3\/2023\/01\/TPE-jouets.jpg&#8221; alt=&#8221;TPE Jouets&#8221; title_text=&#8221;TPE Jouets&#8221; _builder_version=&#8221;4.19.2&#8243; _module_preset=&#8221;default&#8221; global_colors_info=&#8221;{}&#8221;][\/et_pb_image][\/et_pb_column][et_pb_column type=&#8221;1_3&#8243; _builder_version=&#8221;4.19.2&#8243; _module_preset=&#8221;default&#8221; custom_padding=&#8221;20px|20px|20px|20px|true|true&#8221; border_radii=&#8221;on|10px|10px|10px|10px&#8221; border_color_all=&#8221;#FFFFFF&#8221; box_shadow_style=&#8221;preset3&#8243; box_shadow_color=&#8221;rgba(0,0,0,0.15)&#8221; global_colors_info=&#8221;{}&#8221;][et_pb_text admin_label=&#8221;TPE IGNIFUGES&#8221; _builder_version=&#8221;4.19.2&#8243; _module_preset=&#8221;default&#8221; global_colors_info=&#8221;{}&#8221;]<\/p>\n<h3>TPE IGNIFUGES<\/h3>\n<p>KRAIBURG TPE poss\u00e8de une vaste exp\u00e9rience dans le d\u00e9veloppement de TPE aux propri\u00e9t\u00e9s ignifuges sans halog\u00e8ne.<br \/>Une s\u00e9rie de produits avec une classification d&#8217;ininflammabilit\u00e9 V-0 \u00e0 des \u00e9paisseurs de paroi de 1,5 mm conform\u00e9ment \u00e0 la norme UL 94 V-0 a r\u00e9cemment \u00e9t\u00e9 introduite pour les applications multi-composants avec du polypropyl\u00e8ne.<br \/>Une autre s\u00e9rie avec une classification V-0 \u00e0 3 mm a fait partie de la gamme de produits avec succ\u00e8s.<br \/><a href=\"https:\/\/www.kraiburg-tpe.com\/fr\/node\/517\">Plus d\u2019infos<\/a><\/p>\n<p>[\/et_pb_text][et_pb_image src=&#8221;https:\/\/www.fournierpolymers.com\/f2m\/wp-content\/uploads\/sites\/3\/2023\/01\/TPE-ignifuges.jpg&#8221; alt=&#8221;TPE ignifuges&#8221; title_text=&#8221;TPE ignifuges&#8221; _builder_version=&#8221;4.19.2&#8243; _module_preset=&#8221;default&#8221; global_colors_info=&#8221;{}&#8221;][\/et_pb_image][\/et_pb_column][et_pb_column type=&#8221;1_3&#8243; _builder_version=&#8221;4.19.2&#8243; _module_preset=&#8221;default&#8221; custom_padding=&#8221;20px|20px|20px|20px|true|true&#8221; border_radii=&#8221;on|10px|10px|10px|10px&#8221; border_color_all=&#8221;#FFFFFF&#8221; box_shadow_style=&#8221;preset3&#8243; box_shadow_color=&#8221;rgba(0,0,0,0.15)&#8221; global_colors_info=&#8221;{}&#8221;][et_pb_text admin_label=&#8221;AUTOMOBILE TPE INTERIEUR VEHICULE&#8221; _builder_version=&#8221;4.19.2&#8243; _module_preset=&#8221;default&#8221; custom_margin=&#8221;||79px|||&#8221; global_colors_info=&#8221;{}&#8221;]<\/p>\n<h3>AUTOMOBILE TPE INTERIEUR VEHICULE<\/h3>\n<p>Chez KRAIBURG TPE, nous avons adopt\u00e9 une approche globale de la question des \u00e9missions et des odeurs et avons examin\u00e9 et analys\u00e9 le fond avec l&#8217;institut de contr\u00f4le ind\u00e9pendant imat-uve. <br \/>Sur la base de ce savoir-faire, un large portefeuille TPE de mat\u00e9riaux d&#8217;int\u00e9rieur automobile est disponible pour votre application individuelle.\u200b<br \/><a href=\"https:\/\/www.kraiburg-tpe.com\/fr\/node\/193\">Plus d\u2019infos<\/a><\/p>\n<p>[\/et_pb_text][et_pb_image src=&#8221;https:\/\/www.fournierpolymers.com\/f2m\/wp-content\/uploads\/sites\/3\/2023\/01\/TPE-auto.jpg&#8221; alt=&#8221;Automobile TPE Int\u00e9rieur v\u00e9hicule&#8221; title_text=&#8221;Automobile TPE Int\u00e9rieur v\u00e9hicule&#8221; _builder_version=&#8221;4.19.2&#8243; _module_preset=&#8221;default&#8221; global_colors_info=&#8221;{}&#8221;][\/et_pb_image][\/et_pb_column][\/et_pb_row][et_pb_row column_structure=&#8221;1_3,1_3,1_3&#8243; use_custom_gutter=&#8221;on&#8221; gutter_width=&#8221;2&#8243; _builder_version=&#8221;4.19.2&#8243; _module_preset=&#8221;default&#8221; global_colors_info=&#8221;{}&#8221;][et_pb_column type=&#8221;1_3&#8243; _builder_version=&#8221;4.19.2&#8243; _module_preset=&#8221;default&#8221; custom_padding=&#8221;20px|20px|20px|20px|true|true&#8221; border_radii=&#8221;on|10px|10px|10px|10px&#8221; border_color_all=&#8221;#FFFFFF&#8221; box_shadow_style=&#8221;preset3&#8243; box_shadow_color=&#8221;rgba(0,0,0,0.15)&#8221; global_colors_info=&#8221;{}&#8221;][et_pb_text admin_label=&#8221;EMBALLAGES POUR COSMETIQUES&#8221; _builder_version=&#8221;4.19.2&#8243; _module_preset=&#8221;default&#8221; global_colors_info=&#8221;{}&#8221;]<\/p>\n<h3>EMBALLAGES POUR COSMETIQUES<\/h3>\n<p>Des compounds apportant de la valeur \u00e0 vos produits finis. Le TPE apporte de la flexibilit\u00e9 aux emballages cosm\u00e9tiques notamment les emballages mascara.<br \/><a href=\"https:\/\/www.kraiburg-tpe.com\/fr\/emballages-pour-cosmetiques\">Plus d\u2019infos<\/a><\/p>\n<p>[\/et_pb_text][et_pb_image src=&#8221;https:\/\/www.fournierpolymers.com\/f2m\/wp-content\/uploads\/sites\/3\/2023\/01\/emballages-cosmetiques.jpg&#8221; alt=&#8221;Emballages pour cosm\u00e9tiques&#8221; title_text=&#8221;Emballages pour cosm\u00e9tiques&#8221; _builder_version=&#8221;4.19.2&#8243; _module_preset=&#8221;default&#8221; custom_margin=&#8221;88px|||||&#8221; global_colors_info=&#8221;{}&#8221;][\/et_pb_image][\/et_pb_column][et_pb_column type=&#8221;1_3&#8243; _builder_version=&#8221;4.19.2&#8243; _module_preset=&#8221;default&#8221; custom_padding=&#8221;20px|20px|20px|20px|true|true&#8221; border_radii=&#8221;on|10px|10px|10px|10px&#8221; border_color_all=&#8221;#FFFFFF&#8221; box_shadow_style=&#8221;preset3&#8243; box_shadow_color=&#8221;rgba(0,0,0,0.15)&#8221; global_colors_info=&#8221;{}&#8221;][et_pb_text admin_label=&#8221;TPE CONDUISANT L&#8217;ELECTRICITE&#8221; _builder_version=&#8221;4.19.2&#8243; _module_preset=&#8221;default&#8221; global_colors_info=&#8221;{}&#8221;]<\/p>\n<h3>TPE CONDUISANT L&#8217;ELECTRICITE<\/h3>\n<p>Que ce soit pour des capteurs, des aides \u00e0 l\u2019utilisation des \u00e9crans tactiles ou la dissipation de courants r\u00e9siduels \u2013 chacune de ces applications est rendue possible par des mat\u00e9riaux conduisant l\u2019\u00e9lectricit\u00e9. <br \/><a href=\"https:\/\/www.kraiburg-tpe.com\/fr\/creating-connections-electrically-conductive-TPE\">Plus d\u2019infos<\/a><\/p>\n<p>[\/et_pb_text][et_pb_image src=&#8221;https:\/\/www.fournierpolymers.com\/f2m\/wp-content\/uploads\/sites\/3\/2023\/01\/TPE-electricite.jpg&#8221; alt=&#8221;TPE conduisant l\u2019\u00e9lectricit\u00e9&#8221; title_text=&#8221;TPE conduisant l\u2019\u00e9lectricit\u00e9&#8221; _builder_version=&#8221;4.19.2&#8243; _module_preset=&#8221;default&#8221; custom_margin=&#8221;85px|||||&#8221; global_colors_info=&#8221;{}&#8221;][\/et_pb_image][\/et_pb_column][et_pb_column type=&#8221;1_3&#8243; _builder_version=&#8221;4.19.2&#8243; _module_preset=&#8221;default&#8221; custom_padding=&#8221;20px|20px|20px|20px|true|true&#8221; border_radii=&#8221;on|10px|10px|10px|10px&#8221; border_color_all=&#8221;#FFFFFF&#8221; box_shadow_style=&#8221;preset3&#8243; box_shadow_color=&#8221;rgba(0,0,0,0.15)&#8221; global_colors_info=&#8221;{}&#8221;][et_pb_text admin_label=&#8221;TPE POUR APPLICATIONS CONTACT ALIMENTAIRE&#8221; _builder_version=&#8221;4.19.2&#8243; _module_preset=&#8221;default&#8221; global_colors_info=&#8221;{}&#8221;]<\/p>\n<h3>TPE POUR APPLICATIONS CONTACT ALIMENTAIRE<\/h3>\n<p>Les \u00e9lastom\u00e8res thermoplastiques de KRAIBURG TPE r\u00e9pondent aux exigences de qualit\u00e9 les plus \u00e9lev\u00e9es, en particulier dans le domaine des applications de machines \u00e0 caf\u00e9. Qu&#8217;il s&#8217;agisse de syst\u00e8mes d&#8217;entonnoirs pour grains de caf\u00e9, de fonctions d&#8217;\u00e9tanch\u00e9it\u00e9 dans la machine, d&#8217;\u00e9l\u00e9ments de conception ou de tuyaux \u00e0 lait classiques, notre portefeuille de produits nous permet de r\u00e9pondre \u00e0 toutes les exigences de nos clients.<br \/><a href=\"https:\/\/www.kraiburg-tpe.com\/fr\/node\/440\">Plus d\u2019infos<\/a><\/p>\n<p>[\/et_pb_text][et_pb_image src=&#8221;https:\/\/www.fournierpolymers.com\/f2m\/wp-content\/uploads\/sites\/3\/2023\/01\/TPE-alimentaire.jpg&#8221; alt=&#8221;TPE pour applications contact alimentaire&#8221; title_text=&#8221;TPE pour applications contact alimentaire&#8221; _builder_version=&#8221;4.19.2&#8243; _module_preset=&#8221;default&#8221; global_colors_info=&#8221;{}&#8221;][\/et_pb_image][\/et_pb_column][\/et_pb_row][et_pb_row column_structure=&#8221;1_3,1_3,1_3&#8243; use_custom_gutter=&#8221;on&#8221; gutter_width=&#8221;2&#8243; _builder_version=&#8221;4.19.2&#8243; _module_preset=&#8221;default&#8221; global_colors_info=&#8221;{}&#8221;][et_pb_column type=&#8221;1_3&#8243; _builder_version=&#8221;4.19.2&#8243; _module_preset=&#8221;default&#8221; custom_padding=&#8221;20px|20px|20px|20px|true|true&#8221; border_radii=&#8221;on|10px|10px|10px|10px&#8221; border_color_all=&#8221;#FFFFFF&#8221; box_shadow_style=&#8221;preset3&#8243; box_shadow_color=&#8221;rgba(0,0,0,0.15)&#8221; global_colors_info=&#8221;{}&#8221;][et_pb_text admin_label=&#8221;TPE POUR APPLICATIONS D&#8217;EAU POTABLE&#8221; _builder_version=&#8221;4.19.2&#8243; _module_preset=&#8221;default&#8221; custom_margin=&#8221;||64px|||&#8221; global_colors_info=&#8221;{}&#8221;]<\/p>\n<h3>TPE POUR APPLICATIONS D&#8217;EAU POTABLE<\/h3>\n<p>Tout produit qui entre en contact avec l&#8217;eau potable doit r\u00e9pondre \u00e0 certaines normes et tests. Les TPE de KRAIBURG TPE fonctionnent bien et r\u00e9pondent aux exigences requises.<br \/><a href=\"https:\/\/www.kraiburg-tpe.com\/fr\/node\/519\">Plus d\u2019infos<\/a><\/p>\n<p>[\/et_pb_text][et_pb_image src=&#8221;https:\/\/www.fournierpolymers.com\/f2m\/wp-content\/uploads\/sites\/3\/2023\/01\/TPE-eau.jpg&#8221; alt=&#8221;TPE pour les applications d&#8217;eau potable&#8221; title_text=&#8221;TPE pour les applications d&#8217;eau potable&#8221; _builder_version=&#8221;4.19.2&#8243; _module_preset=&#8221;default&#8221; global_colors_info=&#8221;{}&#8221;][\/et_pb_image][\/et_pb_column][et_pb_column type=&#8221;1_3&#8243; _builder_version=&#8221;4.19.2&#8243; _module_preset=&#8221;default&#8221; custom_padding=&#8221;20px|20px|20px|20px|true|true&#8221; border_radii=&#8221;on|10px|10px|10px|10px&#8221; border_color_all=&#8221;#FFFFFF&#8221; box_shadow_style=&#8221;preset3&#8243; box_shadow_color=&#8221;rgba(0,0,0,0.15)&#8221; global_colors_info=&#8221;{}&#8221;][et_pb_text admin_label=&#8221;TPE AVEC UNE EXCELLENTE ADHERENCE&#8221; _builder_version=&#8221;4.19.2&#8243; _module_preset=&#8221;default&#8221; custom_margin=&#8221;||63px|||&#8221; global_colors_info=&#8221;{}&#8221;]<\/p>\n<h3>TPE AVEC UNE EXCELLENTE ADHERENCE<\/h3>\n<p>For TEC E\u00ae Des TPE faciles \u00e0 injecter offrant une tr\u00e8s bonne adh\u00e9rence sur les polyamides semi-aromatiques, les polyarylamides et les polyamides pour les applications \u00e9lectroniques grand public.<br \/><a href=\"https:\/\/www.kraiburg-tpe.com\/fr\/for-tec-e\">Plus d\u2019infos<\/a><\/p>\n<p>[\/et_pb_text][et_pb_image src=&#8221;https:\/\/www.fournierpolymers.com\/f2m\/wp-content\/uploads\/sites\/3\/2023\/01\/TPE-adherence.jpg&#8221; alt=&#8221;TPE avec une excellente adh\u00e9rence&#8221; title_text=&#8221;TPE avec une excellente adh\u00e9rence&#8221; _builder_version=&#8221;4.19.2&#8243; _module_preset=&#8221;default&#8221; global_colors_info=&#8221;{}&#8221;][\/et_pb_image][\/et_pb_column][et_pb_column type=&#8221;1_3&#8243; _builder_version=&#8221;4.19.2&#8243; _module_preset=&#8221;default&#8221; custom_padding=&#8221;20px|20px|20px|20px|true|true&#8221; border_radii=&#8221;on|10px|10px|10px|10px&#8221; border_color_all=&#8221;#FFFFFF&#8221; box_shadow_style=&#8221;preset3&#8243; box_shadow_color=&#8221;rgba(0,0,0,0.15)&#8221; global_colors_info=&#8221;{}&#8221;][et_pb_text admin_label=&#8221;THERMOLAST\u00ae K&#8221; _builder_version=&#8221;4.19.2&#8243; _module_preset=&#8221;default&#8221; global_colors_info=&#8221;{}&#8221;]<\/p>\n<h3>TPE POUR DES APPLICATIONS DANS TOUS LES DOMAINES THERMOLAST\u00ae K<\/h3>\n<p>La gamme THERMOLAST\u00ae K regroupe nos TPE multifonctionnels avec des s\u00e9ries sp\u00e9cialis\u00e9es pour toutes sortes d\u2019applications dans les secteurs automobile, grand public et industriel. Vous pouvez faire votre choix dans notre gamme de produits ou choisir des solutions sp\u00e9cifiques personnalis\u00e9es.<br \/><a href=\"https:\/\/www.kraiburg-tpe.com\/fr\/thermolast-k\">Plus d\u2019infos<\/a><\/p>\n<p>[\/et_pb_text][et_pb_image src=&#8221;https:\/\/www.fournierpolymers.com\/f2m\/wp-content\/uploads\/sites\/3\/2023\/01\/TPE-domaines-thermolast.jpg&#8221; alt=&#8221;TPE pour des applications dans tous les domaines &#8211; THERMOLAST\u00ae K&#8221; title_text=&#8221;TPE pour des applications dans tous les domaines &#8211; THERMOLAST\u00ae K&#8221; _builder_version=&#8221;4.19.2&#8243; _module_preset=&#8221;default&#8221; global_colors_info=&#8221;{}&#8221;][\/et_pb_image][\/et_pb_column][\/et_pb_row][\/et_pb_section]<\/p>\n","protected":false},"excerpt":{"rendered":"<p>Producteur mondial Kraiburg TPE propose des compounds TPE souples, \u00e9lastiques et l\u00e9gers pour les secteurs de l&#8217;automobile, de la grande consommation, de l&#8217;industrie et des technologies m\u00e9dicalesTPE JOUETS Les \u00e9lastom\u00e8res thermoplastiques de KRAIBURG TPE r\u00e9pondent aux plus hautes exigences en ce qui concerne la qualit\u00e9, aussi dans le domaine des jouets.Qu\u2019ils soient pleins de couleurs, [&hellip;]<\/p>\n","protected":false},"author":2,"featured_media":0,"parent":0,"menu_order":0,"comment_status":"closed","ping_status":"closed","template":"","meta":{"_et_pb_use_builder":"on","_et_pb_old_content":"","_et_gb_content_width":"","inline_featured_image":false,"footnotes":""},"class_list":["post-206","page","type-page","status-publish","hentry"],"yoast_head":"<!-- This site is optimized with the Yoast SEO plugin v27.2 - https:\/\/yoast.com\/product\/yoast-seo-wordpress\/ -->\n<title>Kraiburg - Fournier Polymers - F2M<\/title>\n<meta name=\"robots\" content=\"index, follow, max-snippet:-1, max-image-preview:large, max-video-preview:-1\" \/>\n<link rel=\"canonical\" href=\"https:\/\/www.fournierpolymers.com\/f2m\/kraiburg\/\" \/>\n<meta property=\"og:locale\" content=\"en_GB\" \/>\n<meta property=\"og:type\" content=\"article\" \/>\n<meta property=\"og:title\" content=\"Kraiburg - Fournier Polymers - F2M\" \/>\n<meta property=\"og:description\" content=\"Producteur mondial Kraiburg TPE propose des compounds TPE souples, \u00e9lastiques et l\u00e9gers pour les secteurs de l&#039;automobile, de la grande consommation, de l&#039;industrie et des technologies m\u00e9dicalesTPE JOUETS Les \u00e9lastom\u00e8res thermoplastiques de KRAIBURG TPE r\u00e9pondent aux plus hautes exigences en ce qui concerne la qualit\u00e9, aussi dans le domaine des jouets.Qu\u2019ils soient pleins de couleurs, [&hellip;]\" \/>\n<meta property=\"og:url\" content=\"https:\/\/www.fournierpolymers.com\/f2m\/kraiburg\/\" \/>\n<meta property=\"og:site_name\" content=\"Fournier Polymers - F2M\" \/>\n<meta property=\"article:modified_time\" content=\"2023-01-24T16:18:22+00:00\" \/>\n<meta name=\"twitter:card\" content=\"summary_large_image\" \/>\n<meta name=\"twitter:label1\" content=\"Estimated reading time\" \/>\n\t<meta name=\"twitter:data1\" content=\"8 minutes\" \/>\n<script type=\"application\/ld+json\" class=\"yoast-schema-graph\">{\"@context\":\"https:\/\/schema.org\",\"@graph\":[{\"@type\":\"WebPage\",\"@id\":\"https:\/\/www.fournierpolymers.com\/f2m\/kraiburg\/\",\"url\":\"https:\/\/www.fournierpolymers.com\/f2m\/kraiburg\/\",\"name\":\"Kraiburg - Fournier Polymers - F2M\",\"isPartOf\":{\"@id\":\"https:\/\/www.fournierpolymers.com\/f2m\/#website\"},\"datePublished\":\"2023-01-04T15:07:11+00:00\",\"dateModified\":\"2023-01-24T16:18:22+00:00\",\"breadcrumb\":{\"@id\":\"https:\/\/www.fournierpolymers.com\/f2m\/kraiburg\/#breadcrumb\"},\"inLanguage\":\"en-GB\",\"potentialAction\":[{\"@type\":\"ReadAction\",\"target\":[\"https:\/\/www.fournierpolymers.com\/f2m\/kraiburg\/\"]}]},{\"@type\":\"BreadcrumbList\",\"@id\":\"https:\/\/www.fournierpolymers.com\/f2m\/kraiburg\/#breadcrumb\",\"itemListElement\":[{\"@type\":\"ListItem\",\"position\":1,\"name\":\"Home\",\"item\":\"https:\/\/www.fournierpolymers.com\/f2m\/en\/home\/\"},{\"@type\":\"ListItem\",\"position\":2,\"name\":\"Kraiburg\"}]},{\"@type\":\"WebSite\",\"@id\":\"https:\/\/www.fournierpolymers.com\/f2m\/#website\",\"url\":\"https:\/\/www.fournierpolymers.com\/f2m\/\",\"name\":\"Fournier Polymers - F2M\",\"description\":\"\",\"potentialAction\":[{\"@type\":\"SearchAction\",\"target\":{\"@type\":\"EntryPoint\",\"urlTemplate\":\"https:\/\/www.fournierpolymers.com\/f2m\/?s={search_term_string}\"},\"query-input\":{\"@type\":\"PropertyValueSpecification\",\"valueRequired\":true,\"valueName\":\"search_term_string\"}}],\"inLanguage\":\"en-GB\"}]}<\/script>\n<!-- \/ Yoast SEO plugin. -->","yoast_head_json":{"title":"Kraiburg - Fournier Polymers - F2M","robots":{"index":"index","follow":"follow","max-snippet":"max-snippet:-1","max-image-preview":"max-image-preview:large","max-video-preview":"max-video-preview:-1"},"canonical":"https:\/\/www.fournierpolymers.com\/f2m\/kraiburg\/","og_locale":"en_GB","og_type":"article","og_title":"Kraiburg - Fournier Polymers - F2M","og_description":"Producteur mondial Kraiburg TPE propose des compounds TPE souples, \u00e9lastiques et l\u00e9gers pour les secteurs de l'automobile, de la grande consommation, de l'industrie et des technologies m\u00e9dicalesTPE JOUETS Les \u00e9lastom\u00e8res thermoplastiques de KRAIBURG TPE r\u00e9pondent aux plus hautes exigences en ce qui concerne la qualit\u00e9, aussi dans le domaine des jouets.Qu\u2019ils soient pleins de couleurs, [&hellip;]","og_url":"https:\/\/www.fournierpolymers.com\/f2m\/kraiburg\/","og_site_name":"Fournier Polymers - F2M","article_modified_time":"2023-01-24T16:18:22+00:00","twitter_card":"summary_large_image","twitter_misc":{"Estimated reading time":"8 minutes"},"schema":{"@context":"https:\/\/schema.org","@graph":[{"@type":"WebPage","@id":"https:\/\/www.fournierpolymers.com\/f2m\/kraiburg\/","url":"https:\/\/www.fournierpolymers.com\/f2m\/kraiburg\/","name":"Kraiburg - Fournier Polymers - F2M","isPartOf":{"@id":"https:\/\/www.fournierpolymers.com\/f2m\/#website"},"datePublished":"2023-01-04T15:07:11+00:00","dateModified":"2023-01-24T16:18:22+00:00","breadcrumb":{"@id":"https:\/\/www.fournierpolymers.com\/f2m\/kraiburg\/#breadcrumb"},"inLanguage":"en-GB","potentialAction":[{"@type":"ReadAction","target":["https:\/\/www.fournierpolymers.com\/f2m\/kraiburg\/"]}]},{"@type":"BreadcrumbList","@id":"https:\/\/www.fournierpolymers.com\/f2m\/kraiburg\/#breadcrumb","itemListElement":[{"@type":"ListItem","position":1,"name":"Home","item":"https:\/\/www.fournierpolymers.com\/f2m\/en\/home\/"},{"@type":"ListItem","position":2,"name":"Kraiburg"}]},{"@type":"WebSite","@id":"https:\/\/www.fournierpolymers.com\/f2m\/#website","url":"https:\/\/www.fournierpolymers.com\/f2m\/","name":"Fournier Polymers - F2M","description":"","potentialAction":[{"@type":"SearchAction","target":{"@type":"EntryPoint","urlTemplate":"https:\/\/www.fournierpolymers.com\/f2m\/?s={search_term_string}"},"query-input":{"@type":"PropertyValueSpecification","valueRequired":true,"valueName":"search_term_string"}}],"inLanguage":"en-GB"}]}},"_links":{"self":[{"href":"https:\/\/www.fournierpolymers.com\/f2m\/wp-json\/wp\/v2\/pages\/206","targetHints":{"allow":["GET"]}}],"collection":[{"href":"https:\/\/www.fournierpolymers.com\/f2m\/wp-json\/wp\/v2\/pages"}],"about":[{"href":"https:\/\/www.fournierpolymers.com\/f2m\/wp-json\/wp\/v2\/types\/page"}],"author":[{"embeddable":true,"href":"https:\/\/www.fournierpolymers.com\/f2m\/wp-json\/wp\/v2\/users\/2"}],"replies":[{"embeddable":true,"href":"https:\/\/www.fournierpolymers.com\/f2m\/wp-json\/wp\/v2\/comments?post=206"}],"version-history":[{"count":27,"href":"https:\/\/www.fournierpolymers.com\/f2m\/wp-json\/wp\/v2\/pages\/206\/revisions"}],"predecessor-version":[{"id":571,"href":"https:\/\/www.fournierpolymers.com\/f2m\/wp-json\/wp\/v2\/pages\/206\/revisions\/571"}],"wp:attachment":[{"href":"https:\/\/www.fournierpolymers.com\/f2m\/wp-json\/wp\/v2\/media?parent=206"}],"curies":[{"name":"wp","href":"https:\/\/api.w.org\/{rel}","templated":true}]}}