{"id":746,"date":"2022-12-22T10:26:08","date_gmt":"2022-12-22T09:26:08","guid":{"rendered":"https:\/\/www.fournierpolymers.com\/europe\/?page_id=746"},"modified":"2023-03-10T11:57:06","modified_gmt":"2023-03-10T10:57:06","slug":"versalis-2","status":"publish","type":"page","link":"https:\/\/www.fournierpolymers.com\/europe\/fr\/versalis-2\/","title":{"rendered":"Versalis"},"content":{"rendered":"<p>[et_pb_section fb_built=\u00a0\u00bb1&Prime; _builder_version=\u00a0\u00bb4.19.2&Prime; _module_preset=\u00a0\u00bbdefault\u00a0\u00bb custom_padding=\u00a0\u00bb7px||0px|||\u00a0\u00bb global_colors_info=\u00a0\u00bb{}\u00a0\u00bb][et_pb_row _builder_version=\u00a0\u00bb4.19.2&Prime; _module_preset=\u00a0\u00bbdefault\u00a0\u00bb global_colors_info=\u00a0\u00bb{}\u00a0\u00bb][et_pb_column type=\u00a0\u00bb4_4&Prime; _builder_version=\u00a0\u00bb4.19.2&Prime; _module_preset=\u00a0\u00bbdefault\u00a0\u00bb global_colors_info=\u00a0\u00bb{}\u00a0\u00bb][et_pb_image src=\u00a0\u00bbhttps:\/\/www.fournierpolymers.com\/europe\/wp-content\/uploads\/sites\/2\/2022\/12\/Versalis.jpg\u00a0\u00bb alt=\u00a0\u00bbVersalis\u00a0\u00bb title_text=\u00a0\u00bbVersalis\u00a0\u00bb align=\u00a0\u00bbcenter\u00a0\u00bb _builder_version=\u00a0\u00bb4.19.2&Prime; _module_preset=\u00a0\u00bbdefault\u00a0\u00bb global_colors_info=\u00a0\u00bb{}\u00a0\u00bb][\/et_pb_image][et_pb_text _builder_version=\u00a0\u00bb4.19.2&Prime; _module_preset=\u00a0\u00bbdefault\u00a0\u00bb global_colors_info=\u00a0\u00bb{}\u00a0\u00bb]<\/p>\n<div class=\"container-adjusted-general top-small-margin\">\n<p>A travers notre partenariat avec Versalis, Fournier Polymers propose une large gamme de produits styr\u00e9niques.<\/p>\n<p>Les caract\u00e9ristiques principales des polym\u00e8res styr\u00e8nes sont : polyvalence, l\u00e9g\u00e8ret\u00e9, de bonnes propri\u00e9t\u00e9s m\u00e9caniques, tr\u00e8s isolants, faciles \u00e0 recycler et ils peuvent \u00e9galement \u00eatre trait\u00e9s par une grande vari\u00e9t\u00e9 de technologies.<\/p>\n<\/div>\n<p>[\/et_pb_text][\/et_pb_column][\/et_pb_row][\/et_pb_section][et_pb_section fb_built=\u00a0\u00bb1&Prime; specialty=\u00a0\u00bbon\u00a0\u00bb _builder_version=\u00a0\u00bb4.19.2&Prime; _module_preset=\u00a0\u00bbdefault\u00a0\u00bb custom_padding=\u00a0\u00bb19px||33px|||\u00a0\u00bb global_colors_info=\u00a0\u00bb{}\u00a0\u00bb][et_pb_column type=\u00a0\u00bb1_2&Prime; _builder_version=\u00a0\u00bb4.16&Prime; custom_padding=\u00a0\u00bb|||\u00a0\u00bb global_colors_info=\u00a0\u00bb{}\u00a0\u00bb custom_padding__hover=\u00a0\u00bb|||\u00a0\u00bb][et_pb_text admin_label=\u00a0\u00bbABS\u00a0\u00bb _builder_version=\u00a0\u00bb4.19.2&Prime; _module_preset=\u00a0\u00bbdefault\u00a0\u00bb text_text_color=\u00a0\u00bb#002654&Prime; header_3_text_color=\u00a0\u00bb#CE1225&Prime; use_background_color_gradient=\u00a0\u00bbon\u00a0\u00bb background_color_gradient_direction=\u00a0\u00bb-90deg\u00a0\u00bb background_color_gradient_stops=\u00a0\u00bbrgba(255,255,255,0.4) 0%|#ffffff 55%|#ffffff 100%\u00a0\u00bb background_image=\u00a0\u00bbhttps:\/\/www.fournierpolymers.com\/europe\/wp-content\/uploads\/sites\/2\/2022\/12\/ABS-1.jpg\u00a0\u00bb background_blend=\u00a0\u00bbsoft-light\u00a0\u00bb custom_padding=\u00a0\u00bb20px|26px|20px|26px|true|true\u00a0\u00bb link_option_url=\u00a0\u00bb\/europe\/fr\/versalis-produits-abs\u00a0\u00bb border_width_left=\u00a0\u00bb7px\u00a0\u00bb border_color_left=\u00a0\u00bb#CE1225&Prime; global_colors_info=\u00a0\u00bb{}\u00a0\u00bb]<\/p>\n<h3>Produits Eni Versalis ABS<\/h3>\n<p>Fournier Polymers pr\u00e9sente les produits Eni Versalis ABS (r\u00e9sines acrylonitrile-butadi\u00e8ne-styr\u00e8ne). Cette famille de styr\u00e8nes est couramment utilis\u00e9e pour diff\u00e9rentes applications telles que les t\u00f4les industrielles, les profil\u00e9s d\u2019ameublement, les int\u00e9rieurs automobiles, les composants \u00e9lectriques\u2026<\/p>\n<p><a href=\"\/europe\/fr\/versalis-produits-abs\">Plus d&rsquo;infos<\/a><\/p>\n<p>[\/et_pb_text][et_pb_text admin_label=\u00a0\u00bbSAN\u00a0\u00bb _builder_version=\u00a0\u00bb4.19.2&Prime; _module_preset=\u00a0\u00bbdefault\u00a0\u00bb text_text_color=\u00a0\u00bb#002654&Prime; header_3_text_color=\u00a0\u00bb#CE1225&Prime; use_background_color_gradient=\u00a0\u00bbon\u00a0\u00bb background_color_gradient_direction=\u00a0\u00bb-90deg\u00a0\u00bb background_color_gradient_stops=\u00a0\u00bbrgba(255,255,255,0.4) 0%|#ffffff 55%|#ffffff 100%\u00a0\u00bb background_image=\u00a0\u00bbhttps:\/\/www.fournierpolymers.com\/europe\/wp-content\/uploads\/sites\/2\/2022\/12\/SAN-2.jpg\u00a0\u00bb background_blend=\u00a0\u00bbsoft-light\u00a0\u00bb custom_padding=\u00a0\u00bb20px|26px|20px|26px|true|true\u00a0\u00bb link_option_url=\u00a0\u00bb\/europe\/fr\/versalis-produits-san\u00a0\u00bb border_width_left=\u00a0\u00bb7px\u00a0\u00bb border_color_left=\u00a0\u00bb#CE1225&Prime; global_colors_info=\u00a0\u00bb{}\u00a0\u00bb]<\/p>\n<h3>Produits Eni Versalis SAN<\/h3>\n<p>Fournier Polymers pr\u00e9sente les produits Eni Versalis SAN (r\u00e9sines styr\u00e8ne-acrylonitrile). Cette famille de styr\u00e8nes est couramment utilis\u00e9e pour diff\u00e9rentes applications telles que les feuilles transparentes, les r\u00e9frig\u00e9rateurs, les emballages de cosm\u00e9tiques et les m\u00e9langes-ma\u00eetres. \u2026<\/p>\n<p><a href=\"\/europe\/fr\/versalis-produits-san\">Plus d&rsquo;infos<\/a><\/p>\n<p>[\/et_pb_text][\/et_pb_column][et_pb_column type=\u00a0\u00bb1_2&Prime; specialty_columns=\u00a0\u00bb2&Prime; _builder_version=\u00a0\u00bb4.16&Prime; custom_padding=\u00a0\u00bb|||\u00a0\u00bb global_colors_info=\u00a0\u00bb{}\u00a0\u00bb custom_padding__hover=\u00a0\u00bb|||\u00a0\u00bb][et_pb_row_inner _builder_version=\u00a0\u00bb4.19.2&Prime; _module_preset=\u00a0\u00bbdefault\u00a0\u00bb global_colors_info=\u00a0\u00bb{}\u00a0\u00bb][et_pb_column_inner saved_specialty_column_type=\u00a0\u00bb1_2&Prime; _builder_version=\u00a0\u00bb4.19.2&Prime; _module_preset=\u00a0\u00bbdefault\u00a0\u00bb global_colors_info=\u00a0\u00bb{}\u00a0\u00bb][et_pb_text admin_label=\u00a0\u00bbGPPS-HIPS\u00a0\u00bb _builder_version=\u00a0\u00bb4.19.2&Prime; _module_preset=\u00a0\u00bbdefault\u00a0\u00bb text_text_color=\u00a0\u00bb#002654&Prime; header_3_text_color=\u00a0\u00bb#CE1225&Prime; use_background_color_gradient=\u00a0\u00bbon\u00a0\u00bb background_color_gradient_direction=\u00a0\u00bb-90deg\u00a0\u00bb background_color_gradient_stops=\u00a0\u00bbrgba(255,255,255,0.4) 0%|#ffffff 55%|#ffffff 100%\u00a0\u00bb background_image=\u00a0\u00bbhttps:\/\/www.fournierpolymers.com\/europe\/wp-content\/uploads\/sites\/2\/2022\/12\/emballage-alimentaire-6.jpg\u00a0\u00bb background_blend=\u00a0\u00bbsoft-light\u00a0\u00bb custom_padding=\u00a0\u00bb20px|26px|20px|26px|true|true\u00a0\u00bb link_option_url=\u00a0\u00bb\/europe\/fr\/versalis-produits-gpps-hips\u00a0\u00bb border_width_left=\u00a0\u00bb7px\u00a0\u00bb border_color_left=\u00a0\u00bb#CE1225&Prime; global_colors_info=\u00a0\u00bb{}\u00a0\u00bb]<\/p>\n<h3>Produits Eni Versalis GPPS-HIPS<\/h3>\n<p>Fournier Polymers pr\u00e9sente les produits Eni Versalis GPPS-HIPS (General Purpose Polystyrene, High impact Polystyrene).Ces polystyr\u00e8nes sont couramment utilis\u00e9s pour diff\u00e9rentes applications telles que l\u2019emballage alimentaire, l\u2019industrie, les appareils m\u00e9nagers, les jouets\u2026<\/p>\n<p><a href=\"\/europe\/fr\/versalis-produits-gpps-hips\">Plus d&rsquo;infos<\/a><\/p>\n<p>[\/et_pb_text][et_pb_text admin_label=\u00a0\u00bbPS-PE\u00a0\u00bb _builder_version=\u00a0\u00bb4.19.2&Prime; _module_preset=\u00a0\u00bbdefault\u00a0\u00bb text_text_color=\u00a0\u00bb#002654&Prime; header_3_text_color=\u00a0\u00bb#CE1225&Prime; use_background_color_gradient=\u00a0\u00bbon\u00a0\u00bb background_color_gradient_direction=\u00a0\u00bb-90deg\u00a0\u00bb background_color_gradient_stops=\u00a0\u00bbrgba(255,255,255,0.4) 0%|#ffffff 55%|#ffffff 100%\u00a0\u00bb background_image=\u00a0\u00bbhttps:\/\/www.fournierpolymers.com\/europe\/wp-content\/uploads\/sites\/2\/2022\/12\/refrigerator-1619676_1280.jpg\u00a0\u00bb background_blend=\u00a0\u00bbsoft-light\u00a0\u00bb custom_padding=\u00a0\u00bb20px|26px|20px|26px|true|true\u00a0\u00bb link_option_url=\u00a0\u00bb\/europe\/fr\/versalis-produits-ps-pe\u00a0\u00bb border_width_left=\u00a0\u00bb7px\u00a0\u00bb border_color_left=\u00a0\u00bb#CE1225&Prime; global_colors_info=\u00a0\u00bb{}\u00a0\u00bb]<\/p>\n<h3>Produits Eni Versalis PS-PE<\/h3>\n<p>Fournier Polymers pr\u00e9sente les produits Eni Versalis PS-PE (Polystyr\u00e8ne \u2013 Poly\u00e9thyl\u00e8ne). Cette famille de styr\u00e8nes est couramment utilis\u00e9e pour diff\u00e9rentes applications telles que l\u2019emballage des aliments gras, les r\u00e9frig\u00e9rateurs, les panneaux thermoform\u00e9s pour tracteurs, les bacs\u2026<\/p>\n<p><a href=\"\/europe\/fr\/versalis-produits-ps-pe\">Plus d&rsquo;infos<\/a><\/p>\n<p>[\/et_pb_text][\/et_pb_column_inner][\/et_pb_row_inner][\/et_pb_column][\/et_pb_section]<\/p>\n","protected":false},"excerpt":{"rendered":"<p>A travers notre partenariat avec Versalis, Fournier Polymers propose une large gamme de produits styr\u00e9niques. Les caract\u00e9ristiques principales des polym\u00e8res styr\u00e8nes sont : polyvalence, l\u00e9g\u00e8ret\u00e9, de bonnes propri\u00e9t\u00e9s m\u00e9caniques, tr\u00e8s isolants, faciles \u00e0 recycler et ils peuvent \u00e9galement \u00eatre trait\u00e9s par une grande vari\u00e9t\u00e9 de technologies.<\/p>\n","protected":false},"author":2,"featured_media":0,"parent":0,"menu_order":0,"comment_status":"closed","ping_status":"closed","template":"","meta":{"_et_pb_use_builder":"on","_et_pb_old_content":"","_et_gb_content_width":"","inline_featured_image":false,"footnotes":""},"class_list":["post-746","page","type-page","status-publish","hentry"],"yoast_head":"<!-- This site is optimized with the Yoast SEO plugin v27.2 - https:\/\/yoast.com\/product\/yoast-seo-wordpress\/ -->\n<title>Versalis - Fournier Polymers - Europe<\/title>\n<meta name=\"robots\" content=\"index, follow, max-snippet:-1, max-image-preview:large, max-video-preview:-1\" \/>\n<link rel=\"canonical\" href=\"https:\/\/www.fournierpolymers.com\/europe\/fr\/versalis-2\/\" \/>\n<meta property=\"og:locale\" content=\"fr_FR\" \/>\n<meta property=\"og:type\" content=\"article\" \/>\n<meta property=\"og:title\" content=\"Versalis - Fournier Polymers - Europe\" \/>\n<meta property=\"og:description\" content=\"A travers notre partenariat avec Versalis, Fournier Polymers propose une large gamme de produits styr\u00e9niques. Les caract\u00e9ristiques principales des polym\u00e8res styr\u00e8nes sont : polyvalence, l\u00e9g\u00e8ret\u00e9, de bonnes propri\u00e9t\u00e9s m\u00e9caniques, tr\u00e8s isolants, faciles \u00e0 recycler et ils peuvent \u00e9galement \u00eatre trait\u00e9s par une grande vari\u00e9t\u00e9 de technologies.\" \/>\n<meta property=\"og:url\" content=\"https:\/\/www.fournierpolymers.com\/europe\/fr\/versalis-2\/\" \/>\n<meta property=\"og:site_name\" content=\"Fournier Polymers - Europe\" \/>\n<meta property=\"article:modified_time\" content=\"2023-03-10T10:57:06+00:00\" \/>\n<meta name=\"twitter:card\" content=\"summary_large_image\" \/>\n<meta name=\"twitter:label1\" content=\"Dur\u00e9e de lecture estim\u00e9e\" \/>\n\t<meta name=\"twitter:data1\" content=\"4 minutes\" \/>\n<script type=\"application\/ld+json\" class=\"yoast-schema-graph\">{\"@context\":\"https:\/\/schema.org\",\"@graph\":[{\"@type\":\"WebPage\",\"@id\":\"https:\/\/www.fournierpolymers.com\/europe\/fr\/versalis-2\/\",\"url\":\"https:\/\/www.fournierpolymers.com\/europe\/fr\/versalis-2\/\",\"name\":\"Versalis - Fournier Polymers - Europe\",\"isPartOf\":{\"@id\":\"https:\/\/www.fournierpolymers.com\/europe\/#website\"},\"datePublished\":\"2022-12-22T09:26:08+00:00\",\"dateModified\":\"2023-03-10T10:57:06+00:00\",\"breadcrumb\":{\"@id\":\"https:\/\/www.fournierpolymers.com\/europe\/fr\/versalis-2\/#breadcrumb\"},\"inLanguage\":\"fr-FR\",\"potentialAction\":[{\"@type\":\"ReadAction\",\"target\":[\"https:\/\/www.fournierpolymers.com\/europe\/fr\/versalis-2\/\"]}]},{\"@type\":\"BreadcrumbList\",\"@id\":\"https:\/\/www.fournierpolymers.com\/europe\/fr\/versalis-2\/#breadcrumb\",\"itemListElement\":[{\"@type\":\"ListItem\",\"position\":1,\"name\":\"Home\",\"item\":\"https:\/\/www.fournierpolymers.com\/europe\/fr\/\"},{\"@type\":\"ListItem\",\"position\":2,\"name\":\"Versalis\"}]},{\"@type\":\"WebSite\",\"@id\":\"https:\/\/www.fournierpolymers.com\/europe\/#website\",\"url\":\"https:\/\/www.fournierpolymers.com\/europe\/\",\"name\":\"Fournier Polymers - Europe\",\"description\":\"\",\"potentialAction\":[{\"@type\":\"SearchAction\",\"target\":{\"@type\":\"EntryPoint\",\"urlTemplate\":\"https:\/\/www.fournierpolymers.com\/europe\/?s={search_term_string}\"},\"query-input\":{\"@type\":\"PropertyValueSpecification\",\"valueRequired\":true,\"valueName\":\"search_term_string\"}}],\"inLanguage\":\"fr-FR\"}]}<\/script>\n<!-- \/ Yoast SEO plugin. -->","yoast_head_json":{"title":"Versalis - Fournier Polymers - Europe","robots":{"index":"index","follow":"follow","max-snippet":"max-snippet:-1","max-image-preview":"max-image-preview:large","max-video-preview":"max-video-preview:-1"},"canonical":"https:\/\/www.fournierpolymers.com\/europe\/fr\/versalis-2\/","og_locale":"fr_FR","og_type":"article","og_title":"Versalis - Fournier Polymers - Europe","og_description":"A travers notre partenariat avec Versalis, Fournier Polymers propose une large gamme de produits styr\u00e9niques. Les caract\u00e9ristiques principales des polym\u00e8res styr\u00e8nes sont : polyvalence, l\u00e9g\u00e8ret\u00e9, de bonnes propri\u00e9t\u00e9s m\u00e9caniques, tr\u00e8s isolants, faciles \u00e0 recycler et ils peuvent \u00e9galement \u00eatre trait\u00e9s par une grande vari\u00e9t\u00e9 de technologies.","og_url":"https:\/\/www.fournierpolymers.com\/europe\/fr\/versalis-2\/","og_site_name":"Fournier Polymers - Europe","article_modified_time":"2023-03-10T10:57:06+00:00","twitter_card":"summary_large_image","twitter_misc":{"Dur\u00e9e de lecture estim\u00e9e":"4 minutes"},"schema":{"@context":"https:\/\/schema.org","@graph":[{"@type":"WebPage","@id":"https:\/\/www.fournierpolymers.com\/europe\/fr\/versalis-2\/","url":"https:\/\/www.fournierpolymers.com\/europe\/fr\/versalis-2\/","name":"Versalis - Fournier Polymers - Europe","isPartOf":{"@id":"https:\/\/www.fournierpolymers.com\/europe\/#website"},"datePublished":"2022-12-22T09:26:08+00:00","dateModified":"2023-03-10T10:57:06+00:00","breadcrumb":{"@id":"https:\/\/www.fournierpolymers.com\/europe\/fr\/versalis-2\/#breadcrumb"},"inLanguage":"fr-FR","potentialAction":[{"@type":"ReadAction","target":["https:\/\/www.fournierpolymers.com\/europe\/fr\/versalis-2\/"]}]},{"@type":"BreadcrumbList","@id":"https:\/\/www.fournierpolymers.com\/europe\/fr\/versalis-2\/#breadcrumb","itemListElement":[{"@type":"ListItem","position":1,"name":"Home","item":"https:\/\/www.fournierpolymers.com\/europe\/fr\/"},{"@type":"ListItem","position":2,"name":"Versalis"}]},{"@type":"WebSite","@id":"https:\/\/www.fournierpolymers.com\/europe\/#website","url":"https:\/\/www.fournierpolymers.com\/europe\/","name":"Fournier Polymers - Europe","description":"","potentialAction":[{"@type":"SearchAction","target":{"@type":"EntryPoint","urlTemplate":"https:\/\/www.fournierpolymers.com\/europe\/?s={search_term_string}"},"query-input":{"@type":"PropertyValueSpecification","valueRequired":true,"valueName":"search_term_string"}}],"inLanguage":"fr-FR"}]}},"_links":{"self":[{"href":"https:\/\/www.fournierpolymers.com\/europe\/wp-json\/wp\/v2\/pages\/746","targetHints":{"allow":["GET"]}}],"collection":[{"href":"https:\/\/www.fournierpolymers.com\/europe\/wp-json\/wp\/v2\/pages"}],"about":[{"href":"https:\/\/www.fournierpolymers.com\/europe\/wp-json\/wp\/v2\/types\/page"}],"author":[{"embeddable":true,"href":"https:\/\/www.fournierpolymers.com\/europe\/wp-json\/wp\/v2\/users\/2"}],"replies":[{"embeddable":true,"href":"https:\/\/www.fournierpolymers.com\/europe\/wp-json\/wp\/v2\/comments?post=746"}],"version-history":[{"count":38,"href":"https:\/\/www.fournierpolymers.com\/europe\/wp-json\/wp\/v2\/pages\/746\/revisions"}],"predecessor-version":[{"id":1992,"href":"https:\/\/www.fournierpolymers.com\/europe\/wp-json\/wp\/v2\/pages\/746\/revisions\/1992"}],"wp:attachment":[{"href":"https:\/\/www.fournierpolymers.com\/europe\/wp-json\/wp\/v2\/media?parent=746"}],"curies":[{"name":"wp","href":"https:\/\/api.w.org\/{rel}","templated":true}]}}